**4/8 + 13*t**3/6 - 2*t**2. Let f be w(10). Calculate the greatest common factor of 69 and f.
23
Let o(j) = 2*j + 3. Let i be o(-10). Let y = 27 + i. Calculate the greatest common factor of 90 and y.
10
Let t(s) = -3*s**2 - 10 + 22*s + 5*s**2 - 19*s - 5. Let m be t(6). Calculate the highest common factor of m and 15.
15
Suppose 3*n - 128 = -p + 91, 3*p + 135 = 2*n. Calculate the greatest common factor of 90 and n.
18
Let z be 30/4*4/5. Let y be 20*2*z/10. Let q = 8 + 28. What is the greatest common divisor of q and y?
12
Let b be ((-4)/5)/((-22)/3355). Let g = b + -52. What is the greatest common divisor of 14 and g?
14
Suppose 44 = 2*f + 3*n, 0*n + 4*n + 30 = 2*f. Let z be (-19)/f*1*-1. What is the highest common factor of 12 and z?
1
Suppose 0 = -28*i + 20*i + 80. Let c = i - 0. Calculate the highest common divisor of 10 and c.
10
Suppose -20*d + 576 = -4*d. Let z = d + -19. What is the highest common divisor of 204 and z?
17
Let i be ((-5)/4)/(4326/(-432) - -10). Calculate the greatest common divisor of i and 10.
10
Let p = 1731 + -1595. What is the greatest common divisor of p and 24?
8
Let a be -1 + 3 + (0 - -24). Let d(b) = -42*b - 6. Suppose 4*l = k - 13, 4 = 3*l - 3*k + 25. Let v be d(l). Calculate the greatest common factor of v and a.
26
Suppose -11*k + 100 = -10. Suppose 4 = b + 5, 3*i - 4*b - 19 = 0. What is the greatest common factor of k and i?
5
Let d(x) = x**2 - x + 1. Let z(c) = -c**2 + 5*c + 10. Let h(k) = 2*d(k) + z(k). Let m be h(3). Calculate the greatest common divisor of m and 20.
10
Let u = 2 + -1. Suppose 5*m - u = 3*j + 13, -2*j = 3*m + 3. Let b be 3/m*8/12. What is the highest common divisor of b and 5?
1
Suppose 3*w = 4*w - 852. Suppose 0*c + c + 4*s + 156 = 0, w = -5*c - 2*s. Let i = 326 + c. What is the highest common divisor of i and 14?
14
Let a = 257 - 186. Calculate the greatest common divisor of 142 and a.
71
Let n be ((-3)/(-2)*-1)/(6/(-44)). Calculate the highest common divisor of n and 143.
11
Let p be 1/((-8)/(-4))*0. Suppose -756 = -6*i - p*i. What is the greatest common factor of i and 14?
14
Suppose 0 = 8*l - 12*l + 588. Suppose -13 = -m - 3*i + 128, m - l = -5*i. Suppose t - 3*t = -24. What is the highest common factor of t and m?
12
Suppose g - 55 = 3*o + 2*o, 5*g = -3*o + 247. Suppose 0*p + 3*t + 75 = 4*p, -t = -3*p + g. Calculate the greatest common factor of 10 and p.
5
Let d be (-3 + 2)*4 - -6. Suppose d*m = 3*m - 111. Let j = 183 - m. What is the greatest common divisor of 8 and j?
8
Let y be ((-9213)/(-296))/((-1)/(-8)). What is the highest common divisor of 415 and y?
83
Suppose -f = 4*b - b - 329, -98 = -b + 2*f. Suppose -4*j + b = 2*g, 2*j - 54 = -0*j - 2*g. Let a = -22 + j. Calculate the highest common factor of a and 20.
5
Suppose 1 = 3*m - 2. Let c be (-1 + 22)*(m + 2). What is the greatest common factor of 42 and c?
21
Let k be 1 - 0 - (-25)/(300/1836). What is the greatest common factor of 336 and k?
14
Suppose -4*b - 6*b + 2680 = 0. What is the highest common divisor of b and 67?
67
Suppose 46 = 3*q + 5*n, 5*q + 2*n - 4*n - 56 = 0. Calculate the highest common divisor of q and 84.
12
Suppose 5*x = 3*m - 703, -3*x = -5*m + 1139 + 22. Calculate the greatest common factor of 66 and m.
33
Suppose 3*a - 4*u = -2*a + 25, 20 = 4*a + u. Suppose -a*j + 114 = -26. Calculate the highest common divisor of j and 84.
28
Suppose 2*p = -2*d - 532, -d + 5*d = p + 241. Let h be (p/58)/((-1)/2). Calculate the highest common divisor of h and 117.
9
Let a(q) = -10*q**3 + 2*q**2 + 4*q + 4. Let j = 18 - 21. Let m be a(j). What is the highest common divisor of m and 35?
35
Let p(y) = -3 + y + 26*y**2 - 4*y - 1 + 2. Let m be p(-2). Suppose 0 = 2*z + 4*r - m, -r = -2*z - 0*r + 93. Calculate the highest common factor of z and 72.
24
Let j be 10*30/(-12)*(-16)/25. Let k = 3 + -1. What is the highest common factor of k and j?
2
Suppose 4*o - 6 = l, 13*l - o = 18*l - 33. Let k be (0/(-3 - -2))/2. Suppose u + r = 5, k*u + 1 = 3*u - 4*r. Calculate the greatest common divisor of u and l.
3
Let u be (432/(-12) + 7)*-15. What is the highest common factor of u and 15?
15
Let m = 4 - -15. Let c = -8 + m. Calculate the greatest common divisor of 11 and c.
11
Suppose 0 = r - 19 - 3. Suppose 164 - 329 = -3*o. What is the highest common factor of r and o?
11
Suppose 134 = 5*r + 34. Calculate the highest common factor of 20 and r.
20
Suppose 4*p - 26 = 2*c, 6*p = 3*p + 3*c + 18. Suppose -p*v = -36 - 118. What is the greatest common divisor of v and 22?
22
Let g = 3 - 0. Suppose 4*y - 195 - 9 = -3*u, -y = -g*u - 36. Suppose 3*h + y = 6*h. Calculate the highest common divisor of 64 and h.
16
Let h = -19 + 22. Suppose -2*v = -4*t - 0*v + 258, t + h*v = 61. Let d = -11 + 19. Calculate the highest common divisor of t and d.
8
Let w(a) = 4*a**2 - 3*a + 5. Let h be w(5). Let k = -1496 + 1514. Calculate the highest common factor of h and k.
18
Let s(z) = -11*z + 28. Let y be s(6). Let g be -7*(y/7 - -4). Let d = 96 - 16. Calculate the highest common divisor of d and g.
10
Let t = 202 - 152. Calculate the greatest common factor of 5 and t.
5
Let g be (6/(-12))/(-1 + 3620/3624). Calculate the greatest common divisor of g and 3.
3
Let r(z) = -96*z - 6. Let f be r(-1). What is the highest common factor of f and 10?
10
Let p = -1426 + 2236. What is the greatest common divisor of p and 20?
10
Suppose 19*s - 221 = 444. Let c = 52 + 53. Calculate the highest common factor of s and c.
35
Let s(p) = p**3 + 31*p**2 - 2*p - 44. Let h be s(-31). Calculate the highest common factor of h and 2.
2
Let o(d) = 4159*d - 1. Let l be o(-1). Let a be l/(-91) - (5/7 - 1). What is the greatest common factor of a and 138?
46
Suppose 4*v + 43 = -33. Let l = 23 + v. Suppose l*p = 4*w - 286 - 26, -150 = -2*w + 5*p. What is the greatest common factor of w and 10?
10
Let j = 97 + -64. Suppose -p - 49 = -8*p. Let h be (-1770)/(-54) + p/(-9) + 1. Calculate the highest common factor of h and j.
33
Suppose -5*w + 147 = -3. Suppose -5*l = -13*l - 160. Let q = w + l. Calculate the highest common divisor of 70 and q.
10
Suppose -d = 2*f - 7, -3*f - 11 + 8 = -3*d. What is the highest common factor of f and 19?
1
Let n(a) = -a**3 + 15*a**2 - 20*a + 2. Let x be n(13). Suppose -35 = -m - m - 5*w, 2*w = 5*m - 44. Calculate the highest common factor of x and m.
10
Let v = -33 - -30. Let x be 39*((v - -2) + 2). Calculate the highest common factor of x and 26.
13
Suppose -32*z = -30*z. Suppose -c = -3*c + 2*b + 48, 3*c + 5*b - 72 = z. What is the highest common divisor of 16 and c?
8
Let n = -205 + 517. Calculate the highest common factor of 39 and n.
39
Let g(m) = -m**2 - 15*m + 25. Let v be g(-16). Suppose -x + 2*j = -6*x, -5*x = j + 5. Let r = x + 3. What is the highest common factor of r and v?
1
Suppose 5*b - 8*b = -54. Let m = b - 0. Calculate the greatest common factor of m and 18.
18
Suppose 2*j - 12*j - 20 = 0. Let m be 114/2*j/(-6). Let v be 227/3 + 2/6. Calculate the greatest common divisor of m and v.
19
Let b be (-1)/(4/(-6) - 4/(-12)). Let j be (54/(0 + b))/(2/5). What is the highest common factor of 5 and j?
5
Suppose 2 = -d + 30. Let h = -3271 + 3275. What is the greatest common divisor of h and d?
4
Let u(k) = -4*k + 218. Let r be u(33). Calculate the highest common divisor of r and 129.
43
Suppose 6 = -3*m + 30. Suppose -z + 20 = 5*o - 0*o, -2*o = 5*z - m. Suppose -2*w = 2*h - 2, -2*h = o*w - h - 7. Calculate the greatest common factor of w and 1.
1
Suppose -4*o - 2*c + c + 31 = 0, o - 4*c - 12 = 0. Let s = o - -3. Suppose 3*n + 4 = -s, 4*u - 195 = -5*n. Calculate the highest common divisor of u and 5.
5
Let y(c) = 2*c**3 - 5*c**2 - 11*c + 6. Let r be y(6). What is the greatest common divisor of r and 12?
12
Suppose 0 = -560*y + 561*y - 418. What is the greatest common divisor of 190 and y?
38
Suppose 0 = -3*d + a - 36, -30 = 3*d - 5*a + 2*a. Let g = 21 + d. Let i be 2 - (-3 + 2 + 1). Calculate the highest common divisor of i and g.
2
Suppose -o - 13 - 3 = -5*l, 5 = -5*o. Suppose -3*d = m - 273, 0*d + d - 99 = -l*m. Calculate the greatest common divisor of d and 10.
10
Suppose 2*d - 7*d = -545. Suppose 3*x + 2*x - 3*g - d = 0, x + 3*g = 11. Let z be ((-1)/(1 - -1))/(10/(-2800)). What is the greatest common divisor of z and x?
20
Let d be 134*328/112 + 3/(-